d by 387460.
11
What is the remainder when 176439 is divided by 176416?
23
Calculate the remainder when 1497910 is divided by 10121.
2
What is the remainder when 209009 is divided by 9184?
6961
What is the remainder when 20927 is divided by 5089?
571
Calculate the remainder when 7583884 is divided by 1190.
14
Calculate the remainder when 566789 is divided by 2806.
2783
What is the remainder when 56478301 is divided by 92?
53
Calculate the remainder when 591157 is divided by 528.
325
What is the remainder when 4528579 is divided by 566068?
35
What is the remainder when 2202423 is divided by 598?
587
What is the remainder when 107363 is divided by 235?
203
What is the remainder when 5560393 is divided by 236?
233
What is the remainder when 498807 is divided by 73?
71
What is the remainder when 154318 is divided by 2648?
734
What is the remainder when 451666 is divided by 1368?
226
What is the remainder when 3450191 is divided by 2959?
2956
Calculate the remainder when 27504166 is divided by 1964583.
4
What is the remainder when 4410506 is divided by 1193?
1178
Calculate the remainder when 22993321 is divided by 83.
80
What is the remainder when 82848 is divided by 835?
183
What is the remainder when 19894 is divided by 9013?
1868
What is the remainder when 5882831 is divided by 2941400?
31
What is the remainder when 813587 is divided by 406776?
35
What is the remainder when 87604278 is divided by 153?
150
Calculate the remainder when 7565630 is divided by 7565091.
539
What is the remainder when 18010 is divided by 15866?
2144
Calculate the remainder when 7694046 is divided by 5729.
5728
Calculate the remainder when 61844 is divided by 137.
57
What is the remainder when 72051 is divided by 911?
82
What is the remainder when 463398 is divided by 9759?
4725
Calculate the remainder when 8919348 is divided by 2988.
168
What is the remainder when 169341 is divided by 17979?
7530
What is the remainder when 62079 is divided by 12368?
239
What is the remainder when 19048120 is divided by 32?
24
What is the remainder when 892960 is divided by 110?
90
Calculate the remainder when 2141041 is divided by 2462.
1563
Calculate the remainder when 320397 is divided by 158119.
4159
Calculate the remainder when 21562 is divided by 481.
398
What is the remainder when 26032344 is divided by 1091?
1084
Calculate the remainder when 45787736 is divided by 22893820.
96
What is the remainder when 30041297 is divided by 703?
701
Calculate the remainder when 170084487 is divided by 87.
9
Calculate the remainder when 24871349 is divided by 17515.
49
Calculate the remainder when 170640 is divided by 170622.
18
What is the remainder when 359675 is divided by 206?
205
Calculate the remainder when 4442311 is divided by 37330.
41
What is the remainder when 761874 is divided by 761832?
42
What is the remainder when 125304 is divided by 60539?
4226
What is the remainder when 3693410 is divided by 738682?
0
Calculate the remainder when 8310312 is divided by 2770092.
36
Calculate the remainder when 31177348 is divided by 14783.
1
Calculate the remainder when 91145 is divided by 2539.
2280
Calculate the remainder when 38785 is divided by 4295.
130
Calculate the remainder when 7106493 is divided by 100.
93
Calculate the remainder when 201390978 is divided by 1780.
1778
What is the remainder when 1391985 is divided by 45?
0
What is the remainder when 273052 is divided by 972?
892
Calculate the remainder when 49422876 is divided by 15.
6
What is the remainder when 129229 is divided by 18264?
1381
Calculate the remainder when 21145946 is divided by 686.
682
What is the remainder when 6460093 is divided by 10839?
49
Calculate the remainder when 3554043 is divided by 4658.
4647
Calculate the remainder when 1251149 is divided by 124.
113
Calculate the remainder when 21952 is divided by 5385.
412
What is the remainder when 1388728527 is divided by 45?
42
Calculate the remainder when 1264301 is divided by 21741.
3323
Calculate the remainder when 898645 is divided by 43.
31
Calculate the remainder when 393789 is divided by 6956.
4253
What is the remainder when 383822 is divided by 383440?
382
What is the remainder when 257454232 is divided by 7764?
7756
What is the remainder when 23918662 is divided by 2838?
2836
Calculate the remainder when 292510 is divided by 97427.
229
Calculate the remainder when 91163 is divided by 512.
27
What is the remainder when 887779 is divided by 11496?
2587
What is the remainder when 19245587 is divided by 162?
149
Calculate the remainder when 96673 is divided by 1022.
605
What is the remainder when 1201095 is divided by 300263?
43
Calculate the remainder when 5877178 is divided by 6.
4
What is the remainder when 121540 is divided by 3287?
3208
What is the remainder when 8159 is divided by 3868?
423
Calculate the remainder when 6655149 is divided by 112.
109
Calculate the remainder when 30111 is divided by 7379.
595
What is the remainder when 1518147 is divided by 7946?
461
Calculate the remainder when 1029726 is divided by 112.
110
Calculate the remainder when 90885297 is divided by 14.
13
Calculate the remainder when 90062 is divided by 7499.
74
Calculate the remainder when 52822184 is divided by 7.
2
What is the remainder when 3499756 is divided by 265?
166
What is the remainder when 2032654524 is divided by 659?
656
What is the remainder when 314966 is divided by 1681?
619
Calculate the remainder when 25157572 is divided by 351.
349
Calculate the remainder when 400078 is divided by 1748.
1534
What is the remainder when 25722 is divided by 1027?
47
Calculate the remainder when 139776060 is divided by 17472007.
4
What is the remainder when 425187 is divided by 884?
867
Calculate the remainder when 224166 is divided by 246.
60
What is the remainder when 423317 is divided by 105810?
77
What is the remainder when 77336 is divided by 3973?
1849
Calculate the remainder when 923926 is divided by 4.
2
Calculate the remainder when 22488 is divided by 2005.
433
What is the remainder when 134805514 is divided by 7?
4
What is the remainder when 21864631 is divided by 18?
13
Calculate the remainder when 31059648 is divided by 1822.
14
Calculate the remainder when 3205537 is divided by 18967.
114
What is the remainder when 110253 is divided by 11061?
10704
What is the remainder when 99075 is divided by 32852?
519
What is the remainder when 3035022 is divided by 1082?
12
Calculate the remainder when 257484921 is divided by 333.
330
Calculate the remainder when 33761018 is divided by 4196.
2
What is the remainder when 5787945 is divided by 9457?
261
What is the remainder when 1657794 is divided by 256?
194
What is the remainder when 269249879 is divided by 10?
9
Calculate the remainder when 1348486 is divided by 38528.
6
Calculate the remainder when 290116 is divided by 6042.
100
Calculate the remainder when 871730 is divided by 6509.
6033
What is the remainder when 154161 is divided by 2449?
2323
Calculate the remainder when 14915327 is divided by 14915302.
25
Calculate the remainder when 25597312 is divided by 8532432.
16
What is the remainder when 10079 is divided by 1202?
463
What is the remainder when 465434 is divided by 1316?
886
Calculate the remainder when 283798 is divided by 724.
714
Calculate the remainder when 40227 is divided by 1300.
1227
What is the remainder when 42690 is divided by 20490?
1710
Calculate the remainder when 2454984 is divided by 7136.
200
Calculate the remainder when 166830 is divided by 83414.
2
What is the remainder when 54629 is divided by 22?
3
What is the remainder when 5546628 is divided by 154073?
0
What is the remainder when 8226985 is divided by 13038?
7
What is the remainder when 16926 is divided by 192?
30
What is the remainder when 2604730 is divided by 108?
94
What is the remainder when 40914 is divided by 5821?
167
What is the remainder when 76272 is divided by 1816?
0
What is the remainder when 2218805 is divided by 33?
17
Calculate the remainder when 4788886 is divided by 312.
310
Calculate the remainder when 24986 is divided by 2385.
1136
What is the remainder when 50587 is divided by 1274?
901
Calculate the remainder when 54400200 is divided by 88312.
8
Calculate the remainder when 953210 is divided by 1171.
16
What is th